{"id":89,"date":"2015-07-12T10:40:10","date_gmt":"2015-07-12T10:40:10","guid":{"rendered":"http:\/\/www.carp-omenia.ro\/?page_id=89"},"modified":"2020-08-24T07:29:54","modified_gmt":"2020-08-24T07:29:54","slug":"contact","status":"publish","type":"page","link":"https:\/\/www.carp-omenia.ro\/index.php\/contact\/","title":{"rendered":"Contact"},"content":{"rendered":"<p style=\"text-align: justify;\"><strong>ASOCIATIA CASA DE AJUTOR RECIPROC A PENSIONARILOR &#8222;OMENIA&#8221; BUCURESTI<\/strong><br>Sediul central: Str. Amurgului nr.53, Sectorul 5, Bucuresti, (intre Piata Rahovei si Soseaua Salaj)<br>Telefon: 021.423.17.49<br>Fax: 021.456.36.99<br>E-mail: <strong><span style=\"color: #e64946;\">carp.omenia@yahoo.com<\/span><\/strong><br>Program de lucru cu publicul: LUNI &#8211; VINERI: 08.00 &#8211; 15.00<\/p>\n<p><iframe style=\"border: 0;\" src=\"https:\/\/www.google.com\/maps\/embed?pb=!1m18!1m12!1m3!1d2850.5063980508635!2d26.068720299999974!3d44.40225335000001!2m3!1f0!2f0!3f0!3m2!1i1024!2i768!4f13.1!3m3!1m2!1s0x40b1ff95c4d0cc8d%3A0xfdc216f40d72f80d!2sStrada+Amurgului+53%2C+Bucure%C8%99ti!5e0!3m2!1sen!2sro!4v1439793939125\" width=\"400\" height=\"300\" frameborder=\"0\" allowfullscreen=\"allowfullscreen\"><\/iframe><\/p>\n<p style=\"text-align: justify;\"><strong>CASIERIE FAUREI<\/strong><br>Adresa: Bucuresti, Sector 1, Str. Faurei, nr. 1, bl. P11, sc.A, ap. 28 (in zona Centrului medical PAJURA)<br>Telefon: 0752.001.441<br>Program de lucru cu publicul: LUNI &#8211; VINERI: 08.00 &#8211; 13.00<\/p>\n<p><iframe style=\"border: 0;\" src=\"https:\/\/www.google.com\/maps\/embed?pb=!1m18!1m12!1m3!1d846.2857255137636!2d26.0522800269564!3d44.483303128943646!2m3!1f0!2f0!3f0!3m2!1i1024!2i768!4f13.1!3m3!1m2!1s0x40b203b5023b0e91%3A0x2517982a41989e9a!2sP11%2C+Strada+F%C4%83urei+1%2C+Bucure%C8%99ti+013181!5e0!3m2!1sen!2sro!4v1563863692627!5m2!1sen!2sro\" width=\"600\" height=\"450\" frameborder=\"0\" allowfullscreen=\"allowfullscreen\"><\/iframe><\/p>\n<p style=\"text-align: justify;\"><strong>CASIERIE MASINA DE PAINE<\/strong><br>Adresa: Bucuresti, Sector 2, Str. Masina de Paine, nr. 22, bl. 50, sc.A, ap.8 (in zona OBOR &#8211; COLENTINA)<br>Telefon: 0752.001.438<br>Program de lucru cu publicul: 08.00-13.00<\/p>\n<p><iframe style=\"border: 0;\" src=\"https:\/\/www.google.com\/maps\/embed?pb=!1m18!1m12!1m3!1d1423.9141654001128!2d26.127831700539918!3d44.45719123651637!2m3!1f0!2f0!3f0!3m2!1i1024!2i768!4f13.1!3m3!1m2!1s0x40b1f8c6d41eba31%3A0x24abdc1140d0cc86!2sBL+50%2C+Strada+Ma%C5%9Fina+de+P%C3%A2ine+22%2C+Bucure%C8%99ti!5e0!3m2!1sen!2sro!4v1563863959923!5m2!1sen!2sro\" width=\"600\" height=\"450\" frameborder=\"0\" allowfullscreen=\"allowfullscreen\"><\/iframe><\/p>\n<p style=\"text-align: justify;\"><strong>CASIERIE SIMBOLULUI<\/strong><br>Adresa: Bucuresti, sector 3, Aleea SIMBOLULUI nr. 11, bl.1, sc.3, parter (in zona MALL VITAN, transport cu tramvai 15, 19, 23, 27, autobuz 123, 124)<br>Telefon: 0752.001.448<br>Program de lucru cu publicul: LUNI &#8211; VINERI: 08.00 &#8211; 13.00<\/p>\n<p><iframe style=\"border: 0;\" src=\"https:\/\/www.google.com\/maps\/embed?pb=!1m18!1m12!1m3!1d2849.6349275543716!2d26.1227434!3d44.42013659999999!2m3!1f0!2f0!3f0!3m2!1i1024!2i768!4f13.1!3m3!1m2!1s0x40b1fee19d3d7f83%3A0x72aaf11c95b1dbc8!2sBloc+1%2C+Intrarea+Simbolului+11%2C+Bucure%C8%99ti!5e0!3m2!1sen!2sro!4v1439794298883\" width=\"400\" height=\"300\" frameborder=\"0\" allowfullscreen=\"allowfullscreen\"><\/iframe><\/p>\n<p style=\"text-align: justify;\"><strong>CASIERIE IZVORUL RECE<\/strong><br>Adresa: Bucuresti, Sector 4, Str. Izvorul Rece, nr. 3, bl. S14, sc.B, ap.3 (in zona Spitalului Budimex)<br>Telefon: 0752.001.416<br>Program de lucru cu publicul: LUNI &#8211; VINERI: 08.00 &#8211; 13.00<\/p>\n<p><iframe style=\"border: 0;\" src=\"https:\/\/www.google.com\/maps\/embed?pb=!1m18!1m12!1m3!1d2851.1809740910926!2d26.1029400149085!3d44.388406612596896!2m3!1f0!2f0!3f0!3m2!1i1024!2i768!4f13.1!3m3!1m2!1s0x40b1fe3813ee3c97%3A0x9461111c945a7a10!2sIzvorul+Rece!5e0!3m2!1sen!2sro!4v1563864200947!5m2!1sen!2sro\" width=\"600\" height=\"450\" frameborder=\"0\" allowfullscreen=\"allowfullscreen\"><\/iframe><\/p>\n<p style=\"text-align: justify;\"><strong>CASIERIE SANDAVA<\/strong><br>Adresa: Bucuresti, Sector 6, Aleea SANDAVA nr. 2, bl.A2, sc.D, ap. 47 (in zona PRELUNGIREA GHENCEA, transport cu autobuz 385)<br>Telefon: 0752.001.409<br>Program de lucru cu publicul: LUNI &#8211; VINERI: 08.00 &#8211; 13.00<\/p>\n<p><iframe style=\"border: 0;\" src=\"https:\/\/www.google.com\/maps\/embed?pb=!1m18!1m12!1m3!1d2849.985054909704!2d26.018472199999998!3d44.412952399999995!2m3!1f0!2f0!3f0!3m2!1i1024!2i768!4f13.1!3m3!1m2!1s0x40b200407ff87077%3A0xe50a3c04790b0e71!2sBloc+A2%2C+Aleea+Sandava+2%2C+Bucure%C8%99ti!5e0!3m2!1sen!2sro!4v1439794076951\" width=\"400\" height=\"300\" frameborder=\"0\" allowfullscreen=\"allowfullscreen\"><\/iframe><\/p>\n<p style=\"text-align: justify;\"><strong>CASIERIE IULIU MANIU<\/strong><br>Adresa: Bucuresti, Sector 6, Bd. Iuliu Maniu, nr. 69, bl. 5P, sc. 3, parter, ap. 88 (mijloace de transport &#8211; 136, 236, 336, 61, 62 &#8211; sta\u021bia Valea Lung\u0103)<br>Telefon: 0752.001.440<br>Program de lucru cu publicul: LUNI &#8211; VINERI: 08.00 &#8211; 13.00<\/p>\n<p><iframe style=\"border: 0;\" tabindex=\"0\" src=\"https:\/\/www.google.com\/maps\/embed?pb=!1m18!1m12!1m3!1d2848.9750744089088!2d26.013783014910267!3d44.43367350963023!2m3!1f0!2f0!3f0!3m2!1i1024!2i768!4f13.1!3m3!1m2!1s0x40b201ac42569a3b%3A0x3a8f4ab97e0a06b0!2sBulevardul%20Iuliu%20Maniu%2069%2C%20Bucure%C8%99ti%20077042!5e0!3m2!1sro!2sro!4v1592380588472!5m2!1sro!2sro\" width=\"600\" height=\"450\" frameborder=\"0\" allowfullscreen=\"allowfullscreen\" aria-hidden=\"false\"><\/iframe><\/p>\n<p style=\"text-align: justify;\"><strong>Centrul de zi:<\/strong><br>Adresa: Str. Oltului, nr. 4, sector 5, Bucuresti, (aproape de sediul central al C.A.R.P. OMENIA)<br>Program de lucru cu publicul: LUNI &#8211; VINERI: 08.00 &#8211; 13.00<\/p>\n<p><iframe style=\"border: 0;\" src=\"https:\/\/www.google.com\/maps\/embed?pb=!1m18!1m12!1m3!1d2850.484294618513!2d26.067204!3d44.402707!2m3!1f0!2f0!3f0!3m2!1i1024!2i768!4f13.1!3m3!1m2!1s0x40b1ff95cc4eb76d%3A0x8b72e909ea5231fc!2sStrada+Oltului+4%2C+Bucure%C8%99ti!5e0!3m2!1sen!2sro!4v1439794345533\" width=\"400\" height=\"300\" frameborder=\"0\" allowfullscreen=\"allowfullscreen\"><\/iframe><\/p>\n<p style=\"text-align: justify;\"><strong>CASIERIE PUCIOASA<\/strong><br>Adresa: Localitatea PUCIOASA, Judetul DAMBOVITA, Aleea ARDEALULUI nr.49 (in Casa de Odihna a Asociatiei C.A.R.P. &#8222;OMENIA&#8221; Bucuresti)<br>Telefon: 0752.001.418<br>Program de lucru cu publicul: LUNI &#8211; VINERI: 08.00 &#8211; 14.00<\/p>\n<p><iframe style=\"border: 0;\" src=\"https:\/\/www.google.com\/maps\/embed?pb=!1m18!1m12!1m3!1d2817.276988995213!2d25.431876576721198!3d45.08017594143508!2m3!1f0!2f0!3f0!3m2!1i1024!2i768!4f13.1!3m3!1m2!1s0x40b2e4af01dc36d1%3A0x845c16aa5ed160e1!2sAleea+Ardealului+49%2C+Pucioasa+135400!5e0!3m2!1sen!2sro!4v1439794457296\" width=\"400\" height=\"300\" frameborder=\"0\" allowfullscreen=\"allowfullscreen\"><\/iframe><\/p>\n<p style=\"text-align: justify;\"><strong>Casieri zonali<\/strong><br>Venind in intampinarea solicitarilor mai multor membri care si-au schimbat domiciliul in alte localitati sau zone departate de sediul central al Asociatiei C.A.R.P. &#8222;OMENIA&#8221; Bucuresti, Consiliul Director, cu aprobarea Adunarii Generale a Reprezentantilor Membrilor a decis sa foloseasca <a href=\"https:\/\/www.carp-omenia.ro\/wp-content\/uploads\/2016\/10\/TabelCasieriZonali.pdf\" target=\"_blank\" rel=\"noopener noreferrer\">CASIERI ZONALI.<\/a><\/p>\n<p style=\"text-align: justify;\">In tabelul urmator va prezentam zona in care isi desfasoara activitatea fiecare casier zonal si telefoanele la care acestia pot fi contactati.<\/p>\n<p style=\"text-align: justify;\">Membrii cu probleme in deplasare pot contacta casierul zonal cel mai apropiat pentru a-si plati contributia, cotizatia, ratele la imprumut. Tot prin casierii zonali, cei ce doresc, pot deveni membri ai Asociatiei C.A.R.P. &#8222;OMENIA&#8221; Bucuresti si pot solicita imprumuturi.<br><a href=\"https:\/\/www.carp-omenia.ro\/wp-content\/uploads\/2016\/10\/TabelCasieriZonali.pdf\" target=\"_blank\" rel=\"noopener noreferrer\">Tabel Casieri Zonali<\/a><\/p>\n\n\n\n<p>Prelucram datele dumneavoastra personale pentru a va raspunde la cerere. Pentru informatii suplimentare va rugam sa consultati <a href=\"https:\/\/www.carp-omenia.ro\/index.php\/politica-de-confidentialitate-pentru-website\/\" target=\"_blank\" rel=\"noreferrer noopener\" aria-label=\"Politica de confidentialitate (se deschide \u00eentr-o fil\u0103 nou\u0103)\">Politica de confidentialitate<\/a><\/p>\n\n\n\n<p>[si-contact-form form=&#8217;1&#8242;]<\/p>\n","protected":false},"excerpt":{"rendered":"<p>ASOCIATIA CASA DE AJUTOR RECIPROC A PENSIONARILOR &#8222;OMENIA&#8221; BUCURESTISediul central:  [&#8230;]<\/p>\n","protected":false},"author":1,"featured_media":0,"parent":0,"menu_order":0,"comment_status":"closed","ping_status":"closed","template":"","meta":{"_monsterinsights_skip_tracking":false,"_monsterinsights_sitenote_active":false,"_monsterinsights_sitenote_note":"","_monsterinsights_sitenote_category":0,"footnotes":""},"class_list":["post-89","page","type-page","status-publish","hentry"],"_links":{"self":[{"href":"https:\/\/www.carp-omenia.ro\/index.php\/wp-json\/wp\/v2\/pages\/89","targetHints":{"allow":["GET"]}}],"collection":[{"href":"https:\/\/www.carp-omenia.ro\/index.php\/wp-json\/wp\/v2\/pages"}],"about":[{"href":"https:\/\/www.carp-omenia.ro\/index.php\/wp-json\/wp\/v2\/types\/page"}],"author":[{"embeddable":true,"href":"https:\/\/www.carp-omenia.ro\/index.php\/wp-json\/wp\/v2\/users\/1"}],"replies":[{"embeddable":true,"href":"https:\/\/www.carp-omenia.ro\/index.php\/wp-json\/wp\/v2\/comments?post=89"}],"version-history":[{"count":37,"href":"https:\/\/www.carp-omenia.ro\/index.php\/wp-json\/wp\/v2\/pages\/89\/revisions"}],"predecessor-version":[{"id":1079,"href":"https:\/\/www.carp-omenia.ro\/index.php\/wp-json\/wp\/v2\/pages\/89\/revisions\/1079"}],"wp:attachment":[{"href":"https:\/\/www.carp-omenia.ro\/index.php\/wp-json\/wp\/v2\/media?parent=89"}],"curies":[{"name":"wp","href":"https:\/\/api.w.org\/{rel}","templated":true}]}}